{"id":5,"date":"2016-10-10T14:17:22","date_gmt":"2016-10-10T12:17:22","guid":{"rendered":"https:\/\/www.elements.com\/paulinenbruecke\/?page_id=5"},"modified":"2025-12-16T15:50:31","modified_gmt":"2025-12-16T14:50:31","slug":"startseite","status":"publish","type":"page","link":"https:\/\/www.elements.com\/paulinenbruecke\/fitnessstudio-stuttgart\/","title":{"rendered":"Startseite"},"content":{"rendered":"<div class=\"wpb-content-wrapper\"><p>[vc_row][vc_column width=&#8220;1\/2&#8243;][vc_column_text]<\/p>\n<h1>ELEMENTS Paulinenbr\u00fccke &#8211; Fitnessstudio Stuttgart West<\/h1>\n<h2>Mitten in der Stuttgarter City<\/h2>\n<hr \/>\n<p>Im ELEMENTS Paulinenbr\u00fccke erwartet Sie Fitness und Wellness mit einem stilvollen Natur-Ambiente in zentraler Lage. Als besonderes Highlight steht Ihnen ein exklusiver <a href=\"https:\/\/www.elements.com\/services\/wellnesstempel-stuttgart\/\">Wellness Tempel<\/a>\u00a0zur Verf\u00fcgung.<\/p>\n<p>Die Trainingsexperten und zertifizierten Personal Trainer bei ELEMENTS sind top ausgebildet und dank regelm\u00e4\u00dfiger Schulungen immer up to date. Wir erwarten Sie mit einer erstklassigen Ausstattung, einem fundierten Trainingskonzept und einer pers\u00f6nlichen Beratung.[\/vc_column_text][vc_btn title=&#8220;Jetzt Probetraining starten&#8220; align=&#8220;left&#8220; link=&#8220;url:https%3A%2F%2Fwww.elements.com%2Fprobetraining%2F|||&#8220; el_class=&#8220;rot&#8220;][\/vc_column][vc_column width=&#8220;1\/2&#8243;][vc_single_image image=&#8220;297&#8243; img_size=&#8220;medium&#8220;][\/vc_column][\/vc_row][vc_row][vc_column][vc_tta_accordion active_section=&#8220;&#8220; collapsible_all=&#8220;true&#8220;][vc_tta_section title=&#8220;Fitness und Group Fitness&#8220; tab_id=&#8220;1483105844696-3b2ab498-47b5&#8243;][vc_column_text]<\/p>\n<ul>\n<li>\u00dcber 150 Trainingsger\u00e4te<\/li>\n<li>Muskel- und Cardiotraining<\/li>\n<li>Vollelektronisch gesteuerter Kraftzirkel<\/li>\n<li>Functional Area<\/li>\n<li>Boxing Area<\/li>\n<li>Personal Training*<\/li>\n<li>Umfangreiches Kursprogramm in 3 Kursr\u00e4umen inklusive Cyclingraum<\/li>\n<li>Intensive Trainingsberatung- und -betreuung<\/li>\n<li>Fitnesstests und K\u00f6rperanalysen<\/li>\n<\/ul>\n<p>[\/vc_column_text][\/vc_tta_section][vc_tta_section title=&#8220;Wellness&#8220; tab_id=&#8220;1483105844725-dc04499a-2a0b&#8220;][vc_column_text]<\/p>\n<ul>\n<li>Finnische Sauna, Dampfbad**<\/li>\n<li>570 Quadratmeter Hamam mit Ruhepool**<\/li>\n<li>Behandlungen &amp; Massagen sowie Day-Spa-Angebote*<\/li>\n<li>gro\u00dfer, gemischter Wellness Tempel auf ca. 570qm (abweichende \u00d6ffnungszeiten) mit 2 angeschlossenen Kr\u00e4uterdampfb\u00e4dern, einer Gro\u00dfraumsauna, Entspannungspool &amp; Ruheraum<\/li>\n<li>Event-Aufg\u00fcsse<\/li>\n<li>Massagen (nur gegen Vorauszahlung)<\/li>\n<\/ul>\n<p>[\/vc_column_text][\/vc_tta_section][vc_tta_section title=&#8220;Service&#8220; tab_id=&#8220;1483105923762-371bca4f-c062&#8243;][vc_column_text]<\/p>\n<ul>\n<li>Kinderbetreuung<\/li>\n<li>Kostenlose Trinkstationen<\/li>\n<li>Physiotherapie*<\/li>\n<li>WLAN<\/li>\n<li>Bibliothek<\/li>\n<li>Kaffee &amp; Espresso Bar*<\/li>\n<li>Gesunde Drinks &amp; Snacks*<\/li>\n<li>Handtuchservice*<\/li>\n<li>Privater Spind*<\/li>\n<\/ul>\n<p>[\/vc_column_text][\/vc_tta_section][\/vc_tta_accordion][\/vc_column][\/vc_row][vc_row][vc_column][vc_column_text]<\/p>\n<h5>Das erwartet Sie in Ihrem Fitnessstudio an der Paulinenbr\u00fccke<\/h5>\n<hr \/>\n<p>Eine ganz besondere Erholungspause bieten wir Ihnen im ELEMENTS an der Paulinenbr\u00fccke \u2013 schalten Sie ab und genie\u00dfen Sie Ruhe und Entspannung pur im <a href=\"https:\/\/www.elements.com\/services\/wellnesstempel-stuttgart\/\">Wellness Tempel<\/a> Stuttgart, einem wundersch\u00f6nem Wellness-Refugium auf 2 Etagen. Lassen Sie sich von wohltuender W\u00e4rme, Dampfbad oder K\u00f6rperpeelings verw\u00f6hnen und vergessen Sie alles um sich herum. Der entspannende Ruhepool ist nur eine von verschiedenen Spa-Stationen, die Ihr Wellness Erlebnis unvergesslich machen. Als Mitglied k\u00f6nnen Sie den luxuri\u00f6sen Wellness Tempel nat\u00fcrlich kostenfrei nutzen. Das Beste um den Kopf frei zu bekommen.<\/p>\n<p>Nat\u00fcrlich ist das nicht der einzige Rundkurs, den wir Ihnen im ELEMENTS Fitnessstudio in Stuttgart bieten. Neben \u00fcber 150 modernen Trainingsger\u00e4ten steht Ihnen auch ein vollelektronisch gesteuerter Kraftzirkel von eGym zur Verf\u00fcgung. Dieser Zirkel unterst\u00fctzt Sie bei der Einstellung, indem alle Daten der Ger\u00e4te auf Ihrem ELEMENTS Mitgliedsband gespeichert werden und die richtige Gewichteinstellung so automatisch auf Sie angepasst wird. Durch die Aufzeichnung Ihrer Ergebnisse, k\u00f6nnen Sie jederzeit Ihren Trainingsfortschritt analysieren und die Gewichte neu auf Ihre Bed\u00fcrfnisse anpassen. Unsere Trainer sind Ihnen nat\u00fcrlich gerne behilflich.<\/p>\n<p>Sie bevorzugen <a href=\"https:\/\/www.elements.com\/services\/muskeltraining\/\">Krafttraining<\/a> oder <a href=\"https:\/\/www.elements.com\/services\/herz-kreislauf-training\/\">Cardiotraining<\/a> an freien Ger\u00e4ten oder <a href=\"https:\/\/www.elements.com\/services\/functional-training\/\">Functional Training<\/a> auf unserer Functional Fl\u00e4che? Im ELEMENTS Paulinenbr\u00fccke haben Sie alle M\u00f6glichkeiten. Lassen Sie sich Ihren ma\u00dfgeschneiderten Trainingsplan erstellen und trainineren Sie so effektiv wie m\u00f6glich nach Ihren W\u00fcnschen. Um Ihnen Ihren individuellen Plan zu erstellen, empfehlen wir Ihnen <a href=\"https:\/\/www.elements.com\/services\/trainingsbetreuung\/\">K\u00f6rperanalysen sowie Fitnesstests<\/a>. Unsere Trainer analysieren Ihren K\u00f6rper und Ihren Trainingsstand, so dass Sie immer richtig trainieren.<\/p>\n<p>F\u00fcr alle Kurs-Fans haben wir ein umfangreiches Programm zusammengestellt. Unsere <a href=\"https:\/\/www.elements.com\/services\/group-fitness\/\">Group Fitness-Kurse <\/a>finden in drei Kursr\u00e4umen statt und reichen von Faszientraining, Pilates und Tabata \u00fcber Yoga bis hin zu ZUMBA\u00ae und vielem mehr. Wer sich beim Spinning so richtig auspowern m\u00f6chte, besucht einen unserer zahlreichen Indoorcycling-Kurse.<\/p>\n<p>Ihr Fitnessstudio in Stuttgart bietet au\u00dferdem auch pers\u00f6nliche <a href=\"https:\/\/www.elements.com\/services\/ernaehrungsberatung\/\">Ern\u00e4hrungsberatung<\/a> oder Training mit einem unserer <a href=\"https:\/\/www.elements.com\/services\/personal-training-im-fitnessstudio\/\">Personal Trainer<\/a>.<\/p>\n<p>F\u00fcr Ihre Kleinen bieten wir neben <a href=\"https:\/\/www.elements.com\/services\/kinderkurse\/\">Kinderkursen<\/a> eine <a href=\"https:\/\/www.elements.com\/services\/kinderbetreuung\/\">Kinderbetreung<\/a> an.[\/vc_column_text][\/vc_column][\/vc_row][vc_row][vc_column width=&#8220;1\/4&#8243;][vc_single_image image=&#8220;740&#8243;][\/vc_column][vc_column width=&#8220;3\/4&#8243;][vc_column_text]<\/p>\n<h5>Lage und Anbindung<\/h5>\n<hr \/>\n<p>Das ELEMENTS liegt direkt an der Paulinenbr\u00fccke im S\u00fcdwesten der Stuttgarter City.\u00a0Durch die zentrale und verkehrsnahe Lage ersparen Sie sich lange Anfahrtswege und k\u00f6nnen sich so voll und ganz auf Ihr Training konzentrieren.<\/p>\n<ul>\n<li>Anfahrt mit den \u00f6ffentlichen Verkehrsmitteln:\u00a0Bus 44, Bus 92, U14, U1<\/li>\n<li>Haltestelle: \u00d6sterreichischer Platz<\/li>\n<\/ul>\n<p>[\/vc_column_text][\/vc_column][\/vc_row][vc_row][vc_column width=&#8220;1\/4&#8243;][vc_single_image image=&#8220;739&#8243;][\/vc_column][vc_column width=&#8220;3\/4&#8243;][vc_column_text]<\/p>\n<h5>Parken bei ELEMENTS<\/h5>\n<hr \/>\n<p>Als ELEMENTS Mitglied parken Sie in der Tiefgarage gegen\u00fcber des Studios von Montag bis Freitag ab 17:30 Uhr sowie am Wochenende kostenfrei.[\/vc_column_text][\/vc_column][\/vc_row][vc_row][vc_column][vc_column_text]* Leistungsangebot gegen Aufpreis<br \/>\n**\u00a0Zutritt\u00a0erst ab\u00a018 Jahren[\/vc_column_text][\/vc_column][\/vc_row]<\/p>\n<\/div>","protected":false},"excerpt":{"rendered":"<p>[vc_row][vc_column width=&#8220;1\/2&#8243;][vc_column_text] ELEMENTS Paulinenbr\u00fccke &#8211; Fitnessstudio Stuttgart West Mitten in der Stuttgarter City Im ELEMENTS Paulinenbr\u00fccke erwartet Sie Fitness und Wellness mit einem stilvollen Natur-Ambiente in zentraler Lage. Als besonderes Highlight steht Ihnen ein exklusiver Wellness Tempel\u00a0zur Verf\u00fcgung. Die Trainingsexperten und zertifizierten Personal Trainer bei ELEMENTS sind top ausgebildet und dank regelm\u00e4\u00dfiger Schulungen immer up &hellip; <a href=\"https:\/\/www.elements.com\/paulinenbruecke\/fitnessstudio-stuttgart\/\">Continued<\/a><\/p>\n","protected":false},"author":1,"featured_media":2606,"parent":0,"menu_order":0,"comment_status":"closed","ping_status":"closed","template":"template-home.php","meta":{"_acf_changed":false,"footnotes":""},"class_list":["post-5","page","type-page","status-publish","has-post-thumbnail","hentry"],"acf":[],"yoast_head":"<!-- This site is optimized with the Yoast SEO plugin v25.4 - https:\/\/yoast.com\/wordpress\/plugins\/seo\/ -->\n<title>ELEMENTS Paulinenbr\u00fccke - Fitnessstudio Stuttgart<\/title>\n<meta name=\"description\" content=\"Im ELEMENTS Paulinenbr\u00fccke erwartet Sie Fitness und ein Wellness Tempel mitten in der Stuttgarter City. ELEMENTS - Ihr Premium Fitnessstudio\" \/>\n<meta name=\"robots\" content=\"index, follow, max-snippet:-1, max-image-preview:large, max-video-preview:-1\" \/>\n<link rel=\"canonical\" href=\"https:\/\/www.elements.com\/paulinenbruecke\/fitnessstudio-stuttgart\/\" \/>\n<meta property=\"og:locale\" content=\"de_DE\" \/>\n<meta property=\"og:type\" content=\"article\" \/>\n<meta property=\"og:title\" content=\"ELEMENTS Paulinenbr\u00fccke - Fitnessstudio Stuttgart\" \/>\n<meta property=\"og:description\" content=\"Im ELEMENTS Paulinenbr\u00fccke erwartet Sie Fitness und ein Wellness Tempel mitten in der Stuttgarter City. ELEMENTS - Ihr Premium Fitnessstudio\" \/>\n<meta property=\"og:url\" content=\"https:\/\/www.elements.com\/paulinenbruecke\/fitnessstudio-stuttgart\/\" \/>\n<meta property=\"og:site_name\" content=\"ELEMENTS Paulinenbr\u00fccke\" \/>\n<meta property=\"article:modified_time\" content=\"2025-12-16T14:50:31+00:00\" \/>\n<meta property=\"og:image\" content=\"https:\/\/www.elements.com\/app\/uploads\/sites\/7\/2025\/07\/studiobilder-paulinenbruecke-neu-scaled.jpg\" \/>\n\t<meta property=\"og:image:width\" content=\"2560\" \/>\n\t<meta property=\"og:image:height\" content=\"1715\" \/>\n\t<meta property=\"og:image:type\" content=\"image\/jpeg\" \/>\n<meta name=\"twitter:card\" content=\"summary_large_image\" \/>\n<meta name=\"twitter:label1\" content=\"Gesch\u00e4tzte Lesezeit\" \/>\n\t<meta name=\"twitter:data1\" content=\"5\u00a0Minuten\" \/>\n<script type=\"application\/ld+json\" class=\"yoast-schema-graph\">{\"@context\":\"https:\/\/schema.org\",\"@graph\":[{\"@type\":\"WebPage\",\"@id\":\"https:\/\/www.elements.com\/paulinenbruecke\/fitnessstudio-stuttgart\/\",\"url\":\"https:\/\/www.elements.com\/paulinenbruecke\/fitnessstudio-stuttgart\/\",\"name\":\"ELEMENTS Paulinenbr\u00fccke - Fitnessstudio Stuttgart\",\"isPartOf\":{\"@id\":\"https:\/\/www.elements.com\/paulinenbruecke\/fitnessstudio-stuttgart\/#website\"},\"primaryImageOfPage\":{\"@id\":\"https:\/\/www.elements.com\/paulinenbruecke\/fitnessstudio-stuttgart\/#primaryimage\"},\"image\":{\"@id\":\"https:\/\/www.elements.com\/paulinenbruecke\/fitnessstudio-stuttgart\/#primaryimage\"},\"thumbnailUrl\":\"https:\/\/www.elements.com\/app\/uploads\/sites\/7\/2025\/07\/studiobilder-paulinenbruecke-neu-scaled.jpg\",\"datePublished\":\"2016-10-10T12:17:22+00:00\",\"dateModified\":\"2025-12-16T14:50:31+00:00\",\"description\":\"Im ELEMENTS Paulinenbr\u00fccke erwartet Sie Fitness und ein Wellness Tempel mitten in der Stuttgarter City. ELEMENTS - Ihr Premium Fitnessstudio\",\"breadcrumb\":{\"@id\":\"https:\/\/www.elements.com\/paulinenbruecke\/fitnessstudio-stuttgart\/#breadcrumb\"},\"inLanguage\":\"de\",\"potentialAction\":[{\"@type\":\"ReadAction\",\"target\":[\"https:\/\/www.elements.com\/paulinenbruecke\/fitnessstudio-stuttgart\/\"]}]},{\"@type\":\"ImageObject\",\"inLanguage\":\"de\",\"@id\":\"https:\/\/www.elements.com\/paulinenbruecke\/fitnessstudio-stuttgart\/#primaryimage\",\"url\":\"https:\/\/www.elements.com\/app\/uploads\/sites\/7\/2025\/07\/studiobilder-paulinenbruecke-neu-scaled.jpg\",\"contentUrl\":\"https:\/\/www.elements.com\/app\/uploads\/sites\/7\/2025\/07\/studiobilder-paulinenbruecke-neu-scaled.jpg\",\"width\":2560,\"height\":1715},{\"@type\":\"BreadcrumbList\",\"@id\":\"https:\/\/www.elements.com\/paulinenbruecke\/fitnessstudio-stuttgart\/#breadcrumb\",\"itemListElement\":[{\"@type\":\"ListItem\",\"position\":1,\"name\":\"Home\",\"item\":\"https:\/\/www.elements.com\/paulinenbruecke\/fitnessstudio-stuttgart\/\"},{\"@type\":\"ListItem\",\"position\":2,\"name\":\"Startseite\"}]},{\"@type\":\"WebSite\",\"@id\":\"https:\/\/www.elements.com\/paulinenbruecke\/fitnessstudio-stuttgart\/#website\",\"url\":\"https:\/\/www.elements.com\/paulinenbruecke\/fitnessstudio-stuttgart\/\",\"name\":\"ELEMENTS Paulinenbr\u00fccke\",\"description\":\"\",\"potentialAction\":[{\"@type\":\"SearchAction\",\"target\":{\"@type\":\"EntryPoint\",\"urlTemplate\":\"https:\/\/www.elements.com\/paulinenbruecke\/fitnessstudio-stuttgart\/?s={search_term_string}\"},\"query-input\":{\"@type\":\"PropertyValueSpecification\",\"valueRequired\":true,\"valueName\":\"search_term_string\"}}],\"inLanguage\":\"de\"}]}<\/script>\n<!-- \/ Yoast SEO plugin. -->","yoast_head_json":{"title":"ELEMENTS Paulinenbr\u00fccke - Fitnessstudio Stuttgart","description":"Im ELEMENTS Paulinenbr\u00fccke erwartet Sie Fitness und ein Wellness Tempel mitten in der Stuttgarter City. ELEMENTS - Ihr Premium Fitnessstudio","robots":{"index":"index","follow":"follow","max-snippet":"max-snippet:-1","max-image-preview":"max-image-preview:large","max-video-preview":"max-video-preview:-1"},"canonical":"https:\/\/www.elements.com\/paulinenbruecke\/fitnessstudio-stuttgart\/","og_locale":"de_DE","og_type":"article","og_title":"ELEMENTS Paulinenbr\u00fccke - Fitnessstudio Stuttgart","og_description":"Im ELEMENTS Paulinenbr\u00fccke erwartet Sie Fitness und ein Wellness Tempel mitten in der Stuttgarter City. ELEMENTS - Ihr Premium Fitnessstudio","og_url":"https:\/\/www.elements.com\/paulinenbruecke\/fitnessstudio-stuttgart\/","og_site_name":"ELEMENTS Paulinenbr\u00fccke","article_modified_time":"2025-12-16T14:50:31+00:00","og_image":[{"width":2560,"height":1715,"url":"https:\/\/www.elements.com\/app\/uploads\/sites\/7\/2025\/07\/studiobilder-paulinenbruecke-neu-scaled.jpg","type":"image\/jpeg"}],"twitter_card":"summary_large_image","twitter_misc":{"Gesch\u00e4tzte Lesezeit":"5\u00a0Minuten"},"schema":{"@context":"https:\/\/schema.org","@graph":[{"@type":"WebPage","@id":"https:\/\/www.elements.com\/paulinenbruecke\/fitnessstudio-stuttgart\/","url":"https:\/\/www.elements.com\/paulinenbruecke\/fitnessstudio-stuttgart\/","name":"ELEMENTS Paulinenbr\u00fccke - Fitnessstudio Stuttgart","isPartOf":{"@id":"https:\/\/www.elements.com\/paulinenbruecke\/fitnessstudio-stuttgart\/#website"},"primaryImageOfPage":{"@id":"https:\/\/www.elements.com\/paulinenbruecke\/fitnessstudio-stuttgart\/#primaryimage"},"image":{"@id":"https:\/\/www.elements.com\/paulinenbruecke\/fitnessstudio-stuttgart\/#primaryimage"},"thumbnailUrl":"https:\/\/www.elements.com\/app\/uploads\/sites\/7\/2025\/07\/studiobilder-paulinenbruecke-neu-scaled.jpg","datePublished":"2016-10-10T12:17:22+00:00","dateModified":"2025-12-16T14:50:31+00:00","description":"Im ELEMENTS Paulinenbr\u00fccke erwartet Sie Fitness und ein Wellness Tempel mitten in der Stuttgarter City. ELEMENTS - Ihr Premium Fitnessstudio","breadcrumb":{"@id":"https:\/\/www.elements.com\/paulinenbruecke\/fitnessstudio-stuttgart\/#breadcrumb"},"inLanguage":"de","potentialAction":[{"@type":"ReadAction","target":["https:\/\/www.elements.com\/paulinenbruecke\/fitnessstudio-stuttgart\/"]}]},{"@type":"ImageObject","inLanguage":"de","@id":"https:\/\/www.elements.com\/paulinenbruecke\/fitnessstudio-stuttgart\/#primaryimage","url":"https:\/\/www.elements.com\/app\/uploads\/sites\/7\/2025\/07\/studiobilder-paulinenbruecke-neu-scaled.jpg","contentUrl":"https:\/\/www.elements.com\/app\/uploads\/sites\/7\/2025\/07\/studiobilder-paulinenbruecke-neu-scaled.jpg","width":2560,"height":1715},{"@type":"BreadcrumbList","@id":"https:\/\/www.elements.com\/paulinenbruecke\/fitnessstudio-stuttgart\/#breadcrumb","itemListElement":[{"@type":"ListItem","position":1,"name":"Home","item":"https:\/\/www.elements.com\/paulinenbruecke\/fitnessstudio-stuttgart\/"},{"@type":"ListItem","position":2,"name":"Startseite"}]},{"@type":"WebSite","@id":"https:\/\/www.elements.com\/paulinenbruecke\/fitnessstudio-stuttgart\/#website","url":"https:\/\/www.elements.com\/paulinenbruecke\/fitnessstudio-stuttgart\/","name":"ELEMENTS Paulinenbr\u00fccke","description":"","potentialAction":[{"@type":"SearchAction","target":{"@type":"EntryPoint","urlTemplate":"https:\/\/www.elements.com\/paulinenbruecke\/fitnessstudio-stuttgart\/?s={search_term_string}"},"query-input":{"@type":"PropertyValueSpecification","valueRequired":true,"valueName":"search_term_string"}}],"inLanguage":"de"}]}},"_links":{"self":[{"href":"https:\/\/www.elements.com\/paulinenbruecke\/fitnessstudio-stuttgart\/wp-json\/wp\/v2\/pages\/5","targetHints":{"allow":["GET"]}}],"collection":[{"href":"https:\/\/www.elements.com\/paulinenbruecke\/fitnessstudio-stuttgart\/wp-json\/wp\/v2\/pages"}],"about":[{"href":"https:\/\/www.elements.com\/paulinenbruecke\/fitnessstudio-stuttgart\/wp-json\/wp\/v2\/types\/page"}],"author":[{"embeddable":true,"href":"https:\/\/www.elements.com\/paulinenbruecke\/fitnessstudio-stuttgart\/wp-json\/wp\/v2\/users\/1"}],"replies":[{"embeddable":true,"href":"https:\/\/www.elements.com\/paulinenbruecke\/fitnessstudio-stuttgart\/wp-json\/wp\/v2\/comments?post=5"}],"version-history":[{"count":66,"href":"https:\/\/www.elements.com\/paulinenbruecke\/fitnessstudio-stuttgart\/wp-json\/wp\/v2\/pages\/5\/revisions"}],"predecessor-version":[{"id":2643,"href":"https:\/\/www.elements.com\/paulinenbruecke\/fitnessstudio-stuttgart\/wp-json\/wp\/v2\/pages\/5\/revisions\/2643"}],"wp:featuredmedia":[{"embeddable":true,"href":"https:\/\/www.elements.com\/paulinenbruecke\/fitnessstudio-stuttgart\/wp-json\/wp\/v2\/media\/2606"}],"wp:attachment":[{"href":"https:\/\/www.elements.com\/paulinenbruecke\/fitnessstudio-stuttgart\/wp-json\/wp\/v2\/media?parent=5"}],"curies":[{"name":"wp","href":"https:\/\/api.w.org\/{rel}","templated":true}]}}