{"id":5,"date":"2016-10-10T14:17:22","date_gmt":"2016-10-10T12:17:22","guid":{"rendered":"https:\/\/www.elements.com\/eschenheimer-turm\/?page_id=5"},"modified":"2025-12-16T15:50:01","modified_gmt":"2025-12-16T14:50:01","slug":"startseite","status":"publish","type":"page","link":"https:\/\/www.elements.com\/eschenheimer-turm\/fitnessstudio-frankfurt-innenstadt\/","title":{"rendered":"Startseite"},"content":{"rendered":"<div class=\"wpb-content-wrapper\"><p>[vc_row][vc_column width=&#8220;1\/2&#8243;][vc_column_text]<\/p>\n<h1>Elements Eschenheimer Turm &#8211; Fitnessstudio Frankfurt<\/h1>\n<h2>Fitnessstudio im Herzen Frankfurts<\/h2>\n<hr \/>\n<p>Mitten im Zentrum und am Wahrzeichen der Stadt Frankfurt entdecken Sie das exklusive Fitnessstudio ELEMENTS Eschenheimer Turm.<\/p>\n<p>Im Herzen der Innenstadt, nur wenige Gehminuten von der Frankfurter B\u00f6rse, der Hauptwache und der Zeil entfernt und mit den Frankfurter U-Bahnen optimal zu erreichen, werden Sie eine einmalige Fitness- und Wellness-Welt erleben k\u00f6nnen.<\/p>\n<p>Die typischen Gestaltungsmerkmale der bisherigen ELEMENTS Studios, wie die Empfangstheke aus Holz mit Check-In Boxen aus wei\u00dfem Corian sowie die \u201egr\u00fcne Wand\u201c, die durch nat\u00fcrliche Gr\u00fcnpflanzen die Schweizer Bergwelt ins Studio holt, sind auch in Frankfurt zu finden und sorgen f\u00fcr einmaliges Wohlf\u00fchl-Ambiente.[\/vc_column_text][vc_btn title=&#8220;Jetzt Probetraining starten&#8220; align=&#8220;left&#8220; link=&#8220;url:https%3A%2F%2Fwww.elements.com%2Fprobetraining%2F|||&#8220; el_class=&#8220;rot&#8220;][\/vc_column][vc_column width=&#8220;1\/2&#8243;][vc_single_image image=&#8220;297&#8243; img_size=&#8220;medium&#8220;][\/vc_column][\/vc_row][vc_row][vc_column][vc_tta_accordion active_section=&#8220;&#8220; collapsible_all=&#8220;true&#8220;][vc_tta_section title=&#8220;Fitness und Group Fitness&#8220; tab_id=&#8220;1483106389183-461b08ed-3281&#8243;][vc_column_text]<\/p>\n<ul>\n<li>\u00dcber 150 Trainingsger\u00e4te<\/li>\n<li>Muskel- und Cardiotraining<\/li>\n<li>Vollelektronisch gesteuerter Kraftzirkel<\/li>\n<li>Functional Area<\/li>\n<li>Boxing Area<\/li>\n<li>Personal Training*<\/li>\n<li>Umfangreiches Kursprogramm in 2 Kursr\u00e4umen<\/li>\n<li>Intensive Trainingsberatung- und -betreuung<\/li>\n<li>Fitnesstests und K\u00f6rperanalysen<\/li>\n<\/ul>\n<p>[\/vc_column_text][\/vc_tta_section][vc_tta_section title=&#8220;Wellness&#8220; tab_id=&#8220;1483106389238-1b0adccb-4a8d&#8220;][vc_column_text]<\/p>\n<ul>\n<li>Finnische Sauna, Dampfbad, Bio Sauna<\/li>\n<li>Warmwasser-Entspannungsbad<\/li>\n<li>Separater Damenwellnessbereich<\/li>\n<li>Behandlungen &amp; Massagen*<\/li>\n<\/ul>\n<p>[\/vc_column_text][\/vc_tta_section][vc_tta_section title=&#8220;Service&#8220; tab_id=&#8220;1483106458993-4e812052-7d27&#8243;][vc_column_text]<\/p>\n<ul>\n<li>Kostenlose Trinkstationen<\/li>\n<li>WLAN<\/li>\n<li>Physiotherapie*<\/li>\n<li>Bibliothek<\/li>\n<li>Kaffee &amp; Espresso Bar*<\/li>\n<li>Gesunde Drinks &amp; Snacks*<\/li>\n<li>Handtuchservice*<\/li>\n<li>Privater Spind*<\/li>\n<\/ul>\n<p>[\/vc_column_text][\/vc_tta_section][\/vc_tta_accordion][\/vc_column][\/vc_row][vc_row][vc_column][vc_column_text]<\/p>\n<h5>Das erwartet Sie in Ihrem Fitnessstudio im Zentrum Frankfurts<\/h5>\n<hr \/>\n<p>Freuen Sie sich auf hochwertige Ausstattung mit modernsten Trainingsger\u00e4ten, gro\u00dfz\u00fcgige Trainingsfl\u00e4chen und auf ein abwechslungsreiches Kursprogramm in Ihrem Fitnessstudio in der Frankfurter Innenstadt.<\/p>\n<p>Durch unsere schweizerischen Wurzeln steht das ELEMENTS auch f\u00fcr Sport mit einem grandiosen Natur-Erlebnis.\u00a0Das nehmen Sie einerseits an unserer naturnahen Ausstattung wahr, andererseits an der Gro\u00dfz\u00fcgigkeit der R\u00e4umlichkeiten und Trainingsfl\u00e4chen sowie an der freundlichen Atmosph\u00e4re.<\/p>\n<p>Wir legen gro\u00dfen Wert auf <a href=\"https:\/\/www.elements.com\/services\/trainingsbetreuung\/\">pers\u00f6nliche Betreuung<\/a>! Im Bereich Training bedeutet das, dass unsere ausgebildeten Trainer mit Ihnen K\u00f6rperanalysen durchf\u00fchren sowie individuelle Trainingspl\u00e4ne f\u00fcr Sie erstellen. Bei Ern\u00e4hrungsfragen werden Sie von unseren Experten der <a href=\"https:\/\/www.elements.com\/services\/ernaehrungsberatung\/\">Ern\u00e4hrungsberatung<\/a> betreut. F\u00fcr einen sehr individuellen Service stehen Ihnen kompetente <a href=\"https:\/\/www.elements.com\/services\/personal-training-im-fitnessstudio\/\">Personal Trainer<\/a> zur Verf\u00fcgung.<\/p>\n<p>Sie m\u00f6chten etwas f\u00fcr Ihr seelisches Wohlbefinden tun? Dann tauchen Sie ab und entspannen Sie sich in unserer einmaligen Wellnesslandschaft. Besuchen Sie das <a href=\"https:\/\/www.elements.com\/services\/entspannungspool\/\">Warmwasser-Entspannungsbad<\/a>, die <a href=\"https:\/\/www.elements.com\/services\/sauna\/\">Finnnische oder Bio-Sauna<\/a> oder den separaten <a href=\"https:\/\/www.elements.com\/services\/damensauna\/\">Damenwellnessbereich<\/a>.<\/p>\n<p>Alle Group Fitness-Begeisterten unter Ihnen finden im ELEMENTS am Eschenheimer Turm ein abwechslungsreiches <a href=\"https:\/\/www.elements.com\/eschenheimer-turm\/fitnessstudio-frankfurt-innenstadt\/kurse\/\">Kursprogramm<\/a>. Ob Capoeira, Pilates, Yoga, ZUMBA\u00ae oder Functional Workout &#8211; ELEMENTS bietet Ihnen ein breites Angebot von bekannten Kursen bis hin zu den neuesten Trends.[\/vc_column_text][\/vc_column][\/vc_row][vc_row][vc_column width=&#8220;1\/4&#8243;][vc_single_image image=&#8220;710&#8243; img_size=&#8220;medium&#8220;][\/vc_column][vc_column width=&#8220;3\/4&#8243;][vc_column_text]<\/p>\n<h5>Lage und Anbindung<\/h5>\n<hr \/>\n<p>Der Eschenheimer Turm ist ein mittelalterliches Stadttor und z\u00e4hlt zu den Wahrzeichen Frankfurts. Der Turm wurde Anfang des 15. Jahrhunderts errichtet und ist nicht nur eines der \u00e4ltesten Bauwerke der Frankfurter Innenstadt, sondern auch eines der am besten erhaltenen und noch nahezu im Originalzustand.<\/p>\n<p>Das ELEMENTS Fitness und Wellness Eschenheimer Turm finden Sie in der Bleichstra\u00dfe 57 in 60313 Frankfurt am Main. Mit den \u00f6ffentlichen Verkehrsmitteln ist das Fitnessstudio in der Frankfurter Innenstadt bequem zu erreichen:<\/p>\n<ul>\n<li>Lokalbahnhof Frankfurt (M) Hauptwache: Ca. 6 Gehminuten. S-Bahnlinien: S1\/S2\/S3\/S4\/S5\/S6\/S8\/S9<\/li>\n<li>Hauptbahnhof Frankfurt am Main: Ca. 22 Minuten zu Fu\u00df \u00fcber die Kaiserstra\u00dfe.\u00a0Mit der S-Bahn brauchen Sie f\u00fcr die Anreise ca. 9 Minuten.<\/li>\n<\/ul>\n<p>[\/vc_column_text][\/vc_column][\/vc_row][vc_row][vc_column width=&#8220;1\/4&#8243;][vc_single_image image=&#8220;1226&#8243; img_size=&#8220;medium&#8220;][\/vc_column][vc_column width=&#8220;3\/4&#8243;][vc_column_text]<\/p>\n<h5>Parken bei ELEMENTS<\/h5>\n<hr \/>\n<p>Wenn Sie das ELEMENTS Eschenheimer Turm mit dem Auto besuchen m\u00f6chten, dann stehen Ihnen Parkpl\u00e4tze im Parkhaus \u201eFLARE of Frankfurt\u201c (Einfahrt \u00fcber Stiftstra\u00dfe 41) w\u00e4hrend des Trainings f\u00fcr 2 Stunden kostenfrei zur Verf\u00fcgung.<\/p>\n<p>Legen Sie uns nach Ihrem Besuch im Fitnessstudio einfach Ihr Parkticket zum Entwerten vor. Geht Ihr Besuch \u00fcber die kostenfreien 2 Stunden hinaus, wird f\u00fcr jede weitere Stunde ein Betrag von 3 \u20ac f\u00e4llig.[\/vc_column_text][\/vc_column][\/vc_row][vc_row][vc_column][vc_column_text]* Leistungsangebot gegen Aufpreis[\/vc_column_text][\/vc_column][\/vc_row]<\/p>\n<\/div>","protected":false},"excerpt":{"rendered":"<p>[vc_row][vc_column width=&#8220;1\/2&#8243;][vc_column_text] Elements Eschenheimer Turm &#8211; Fitnessstudio Frankfurt Fitnessstudio im Herzen Frankfurts Mitten im Zentrum und am Wahrzeichen der Stadt Frankfurt entdecken Sie das exklusive Fitnessstudio ELEMENTS Eschenheimer Turm. Im Herzen der Innenstadt, nur wenige Gehminuten von der Frankfurter B\u00f6rse, der Hauptwache und der Zeil entfernt und mit den Frankfurter U-Bahnen optimal zu erreichen, werden &hellip; <a href=\"https:\/\/www.elements.com\/eschenheimer-turm\/fitnessstudio-frankfurt-innenstadt\/\">Continued<\/a><\/p>\n","protected":false},"author":1,"featured_media":2456,"parent":0,"menu_order":0,"comment_status":"closed","ping_status":"closed","template":"template-home.php","meta":{"_acf_changed":false,"footnotes":""},"class_list":["post-5","page","type-page","status-publish","has-post-thumbnail","hentry"],"acf":[],"yoast_head":"<!-- This site is optimized with the Yoast SEO plugin v25.4 - https:\/\/yoast.com\/wordpress\/plugins\/seo\/ -->\n<title>ELEMENTS Eschenheimer Turm - Fitnessstudio im Herzen Frankfurts<\/title>\n<meta name=\"description\" content=\"Das exklusive Fitnessstudio ELEMENTS Eschenheimer Turm bietet Fitness und Wellness auf \u00fcber 3.500 qm in der Innenstadt von Frankfurt.\" \/>\n<meta name=\"robots\" content=\"index, follow, max-snippet:-1, max-image-preview:large, max-video-preview:-1\" \/>\n<link rel=\"canonical\" href=\"https:\/\/www.elements.com\/eschenheimer-turm\/fitnessstudio-frankfurt-innenstadt\/\" \/>\n<meta property=\"og:locale\" content=\"de_DE\" \/>\n<meta property=\"og:type\" content=\"article\" \/>\n<meta property=\"og:title\" content=\"ELEMENTS Eschenheimer Turm - Fitnessstudio im Herzen Frankfurts\" \/>\n<meta property=\"og:description\" content=\"Das exklusive Fitnessstudio ELEMENTS Eschenheimer Turm bietet Fitness und Wellness auf \u00fcber 3.500 qm in der Innenstadt von Frankfurt.\" \/>\n<meta property=\"og:url\" content=\"https:\/\/www.elements.com\/eschenheimer-turm\/fitnessstudio-frankfurt-innenstadt\/\" \/>\n<meta property=\"og:site_name\" content=\"ELEMENTS Eschenheimer Turm\" \/>\n<meta property=\"article:modified_time\" content=\"2025-12-16T14:50:01+00:00\" \/>\n<meta property=\"og:image\" content=\"https:\/\/www.elements.com\/app\/uploads\/sites\/6\/2025\/07\/studiobilder-eschenheimer-turm-2-scaled.webp\" \/>\n\t<meta property=\"og:image:width\" content=\"2560\" \/>\n\t<meta property=\"og:image:height\" content=\"1715\" \/>\n\t<meta property=\"og:image:type\" content=\"image\/webp\" \/>\n<meta name=\"twitter:card\" content=\"summary_large_image\" \/>\n<meta name=\"twitter:label1\" content=\"Gesch\u00e4tzte Lesezeit\" \/>\n\t<meta name=\"twitter:data1\" content=\"4\u00a0Minuten\" \/>\n<script type=\"application\/ld+json\" class=\"yoast-schema-graph\">{\"@context\":\"https:\/\/schema.org\",\"@graph\":[{\"@type\":\"WebPage\",\"@id\":\"https:\/\/www.elements.com\/eschenheimer-turm\/fitnessstudio-frankfurt-innenstadt\/\",\"url\":\"https:\/\/www.elements.com\/eschenheimer-turm\/fitnessstudio-frankfurt-innenstadt\/\",\"name\":\"ELEMENTS Eschenheimer Turm - Fitnessstudio im Herzen Frankfurts\",\"isPartOf\":{\"@id\":\"https:\/\/www.elements.com\/eschenheimer-turm\/fitnessstudio-frankfurt-innenstadt\/#website\"},\"primaryImageOfPage\":{\"@id\":\"https:\/\/www.elements.com\/eschenheimer-turm\/fitnessstudio-frankfurt-innenstadt\/#primaryimage\"},\"image\":{\"@id\":\"https:\/\/www.elements.com\/eschenheimer-turm\/fitnessstudio-frankfurt-innenstadt\/#primaryimage\"},\"thumbnailUrl\":\"https:\/\/www.elements.com\/app\/uploads\/sites\/6\/2025\/07\/studiobilder-eschenheimer-turm-2-scaled.webp\",\"datePublished\":\"2016-10-10T12:17:22+00:00\",\"dateModified\":\"2025-12-16T14:50:01+00:00\",\"description\":\"Das exklusive Fitnessstudio ELEMENTS Eschenheimer Turm bietet Fitness und Wellness auf \u00fcber 3.500 qm in der Innenstadt von Frankfurt.\",\"breadcrumb\":{\"@id\":\"https:\/\/www.elements.com\/eschenheimer-turm\/fitnessstudio-frankfurt-innenstadt\/#breadcrumb\"},\"inLanguage\":\"de\",\"potentialAction\":[{\"@type\":\"ReadAction\",\"target\":[\"https:\/\/www.elements.com\/eschenheimer-turm\/fitnessstudio-frankfurt-innenstadt\/\"]}]},{\"@type\":\"ImageObject\",\"inLanguage\":\"de\",\"@id\":\"https:\/\/www.elements.com\/eschenheimer-turm\/fitnessstudio-frankfurt-innenstadt\/#primaryimage\",\"url\":\"https:\/\/www.elements.com\/app\/uploads\/sites\/6\/2025\/07\/studiobilder-eschenheimer-turm-2-scaled.webp\",\"contentUrl\":\"https:\/\/www.elements.com\/app\/uploads\/sites\/6\/2025\/07\/studiobilder-eschenheimer-turm-2-scaled.webp\",\"width\":2560,\"height\":1715},{\"@type\":\"BreadcrumbList\",\"@id\":\"https:\/\/www.elements.com\/eschenheimer-turm\/fitnessstudio-frankfurt-innenstadt\/#breadcrumb\",\"itemListElement\":[{\"@type\":\"ListItem\",\"position\":1,\"name\":\"Home\",\"item\":\"https:\/\/www.elements.com\/eschenheimer-turm\/fitnessstudio-frankfurt-innenstadt\/\"},{\"@type\":\"ListItem\",\"position\":2,\"name\":\"Startseite\"}]},{\"@type\":\"WebSite\",\"@id\":\"https:\/\/www.elements.com\/eschenheimer-turm\/fitnessstudio-frankfurt-innenstadt\/#website\",\"url\":\"https:\/\/www.elements.com\/eschenheimer-turm\/fitnessstudio-frankfurt-innenstadt\/\",\"name\":\"ELEMENTS Eschenheimer Turm\",\"description\":\"\",\"potentialAction\":[{\"@type\":\"SearchAction\",\"target\":{\"@type\":\"EntryPoint\",\"urlTemplate\":\"https:\/\/www.elements.com\/eschenheimer-turm\/fitnessstudio-frankfurt-innenstadt\/?s={search_term_string}\"},\"query-input\":{\"@type\":\"PropertyValueSpecification\",\"valueRequired\":true,\"valueName\":\"search_term_string\"}}],\"inLanguage\":\"de\"}]}<\/script>\n<!-- \/ Yoast SEO plugin. -->","yoast_head_json":{"title":"ELEMENTS Eschenheimer Turm - Fitnessstudio im Herzen Frankfurts","description":"Das exklusive Fitnessstudio ELEMENTS Eschenheimer Turm bietet Fitness und Wellness auf \u00fcber 3.500 qm in der Innenstadt von Frankfurt.","robots":{"index":"index","follow":"follow","max-snippet":"max-snippet:-1","max-image-preview":"max-image-preview:large","max-video-preview":"max-video-preview:-1"},"canonical":"https:\/\/www.elements.com\/eschenheimer-turm\/fitnessstudio-frankfurt-innenstadt\/","og_locale":"de_DE","og_type":"article","og_title":"ELEMENTS Eschenheimer Turm - Fitnessstudio im Herzen Frankfurts","og_description":"Das exklusive Fitnessstudio ELEMENTS Eschenheimer Turm bietet Fitness und Wellness auf \u00fcber 3.500 qm in der Innenstadt von Frankfurt.","og_url":"https:\/\/www.elements.com\/eschenheimer-turm\/fitnessstudio-frankfurt-innenstadt\/","og_site_name":"ELEMENTS Eschenheimer Turm","article_modified_time":"2025-12-16T14:50:01+00:00","og_image":[{"width":2560,"height":1715,"url":"https:\/\/www.elements.com\/app\/uploads\/sites\/6\/2025\/07\/studiobilder-eschenheimer-turm-2-scaled.webp","type":"image\/webp"}],"twitter_card":"summary_large_image","twitter_misc":{"Gesch\u00e4tzte Lesezeit":"4\u00a0Minuten"},"schema":{"@context":"https:\/\/schema.org","@graph":[{"@type":"WebPage","@id":"https:\/\/www.elements.com\/eschenheimer-turm\/fitnessstudio-frankfurt-innenstadt\/","url":"https:\/\/www.elements.com\/eschenheimer-turm\/fitnessstudio-frankfurt-innenstadt\/","name":"ELEMENTS Eschenheimer Turm - Fitnessstudio im Herzen Frankfurts","isPartOf":{"@id":"https:\/\/www.elements.com\/eschenheimer-turm\/fitnessstudio-frankfurt-innenstadt\/#website"},"primaryImageOfPage":{"@id":"https:\/\/www.elements.com\/eschenheimer-turm\/fitnessstudio-frankfurt-innenstadt\/#primaryimage"},"image":{"@id":"https:\/\/www.elements.com\/eschenheimer-turm\/fitnessstudio-frankfurt-innenstadt\/#primaryimage"},"thumbnailUrl":"https:\/\/www.elements.com\/app\/uploads\/sites\/6\/2025\/07\/studiobilder-eschenheimer-turm-2-scaled.webp","datePublished":"2016-10-10T12:17:22+00:00","dateModified":"2025-12-16T14:50:01+00:00","description":"Das exklusive Fitnessstudio ELEMENTS Eschenheimer Turm bietet Fitness und Wellness auf \u00fcber 3.500 qm in der Innenstadt von Frankfurt.","breadcrumb":{"@id":"https:\/\/www.elements.com\/eschenheimer-turm\/fitnessstudio-frankfurt-innenstadt\/#breadcrumb"},"inLanguage":"de","potentialAction":[{"@type":"ReadAction","target":["https:\/\/www.elements.com\/eschenheimer-turm\/fitnessstudio-frankfurt-innenstadt\/"]}]},{"@type":"ImageObject","inLanguage":"de","@id":"https:\/\/www.elements.com\/eschenheimer-turm\/fitnessstudio-frankfurt-innenstadt\/#primaryimage","url":"https:\/\/www.elements.com\/app\/uploads\/sites\/6\/2025\/07\/studiobilder-eschenheimer-turm-2-scaled.webp","contentUrl":"https:\/\/www.elements.com\/app\/uploads\/sites\/6\/2025\/07\/studiobilder-eschenheimer-turm-2-scaled.webp","width":2560,"height":1715},{"@type":"BreadcrumbList","@id":"https:\/\/www.elements.com\/eschenheimer-turm\/fitnessstudio-frankfurt-innenstadt\/#breadcrumb","itemListElement":[{"@type":"ListItem","position":1,"name":"Home","item":"https:\/\/www.elements.com\/eschenheimer-turm\/fitnessstudio-frankfurt-innenstadt\/"},{"@type":"ListItem","position":2,"name":"Startseite"}]},{"@type":"WebSite","@id":"https:\/\/www.elements.com\/eschenheimer-turm\/fitnessstudio-frankfurt-innenstadt\/#website","url":"https:\/\/www.elements.com\/eschenheimer-turm\/fitnessstudio-frankfurt-innenstadt\/","name":"ELEMENTS Eschenheimer Turm","description":"","potentialAction":[{"@type":"SearchAction","target":{"@type":"EntryPoint","urlTemplate":"https:\/\/www.elements.com\/eschenheimer-turm\/fitnessstudio-frankfurt-innenstadt\/?s={search_term_string}"},"query-input":{"@type":"PropertyValueSpecification","valueRequired":true,"valueName":"search_term_string"}}],"inLanguage":"de"}]}},"_links":{"self":[{"href":"https:\/\/www.elements.com\/eschenheimer-turm\/fitnessstudio-frankfurt-innenstadt\/wp-json\/wp\/v2\/pages\/5","targetHints":{"allow":["GET"]}}],"collection":[{"href":"https:\/\/www.elements.com\/eschenheimer-turm\/fitnessstudio-frankfurt-innenstadt\/wp-json\/wp\/v2\/pages"}],"about":[{"href":"https:\/\/www.elements.com\/eschenheimer-turm\/fitnessstudio-frankfurt-innenstadt\/wp-json\/wp\/v2\/types\/page"}],"author":[{"embeddable":true,"href":"https:\/\/www.elements.com\/eschenheimer-turm\/fitnessstudio-frankfurt-innenstadt\/wp-json\/wp\/v2\/users\/1"}],"replies":[{"embeddable":true,"href":"https:\/\/www.elements.com\/eschenheimer-turm\/fitnessstudio-frankfurt-innenstadt\/wp-json\/wp\/v2\/comments?post=5"}],"version-history":[{"count":44,"href":"https:\/\/www.elements.com\/eschenheimer-turm\/fitnessstudio-frankfurt-innenstadt\/wp-json\/wp\/v2\/pages\/5\/revisions"}],"predecessor-version":[{"id":2491,"href":"https:\/\/www.elements.com\/eschenheimer-turm\/fitnessstudio-frankfurt-innenstadt\/wp-json\/wp\/v2\/pages\/5\/revisions\/2491"}],"wp:featuredmedia":[{"embeddable":true,"href":"https:\/\/www.elements.com\/eschenheimer-turm\/fitnessstudio-frankfurt-innenstadt\/wp-json\/wp\/v2\/media\/2456"}],"wp:attachment":[{"href":"https:\/\/www.elements.com\/eschenheimer-turm\/fitnessstudio-frankfurt-innenstadt\/wp-json\/wp\/v2\/media?parent=5"}],"curies":[{"name":"wp","href":"https:\/\/api.w.org\/{rel}","templated":true}]}}